CRAN Package Check Results for Package VGAM

Last updated on 2018-05-27 00:47:02 CEST.

Flavor Version Tinstall Tcheck Ttotal Status Flags
r-devel-linux-x86_64-debian-clang 1.0-5 82.86 486.45 569.31 OK
r-devel-linux-x86_64-debian-gcc 1.0-5 55.88 358.08 413.96 OK
r-devel-linux-x86_64-fedora-clang 1.0-5 723.79 NOTE
r-devel-linux-x86_64-fedora-gcc 1.0-5 659.32 NOTE
r-devel-windows-ix86+x86_64 1.0-5 165.00 614.00 779.00 NOTE
r-patched-linux-x86_64 1.0-5 78.55 471.01 549.56 OK
r-patched-solaris-x86 1.0-5 786.80 NOTE
r-release-linux-x86_64 1.0-5 81.83 477.98 559.81 OK
r-release-windows-ix86+x86_64 1.0-5 186.00 548.00 734.00 NOTE
r-release-osx-x86_64 1.0-5 NOTE
r-oldrel-windows-ix86+x86_64 1.0-5 107.00 578.00 685.00 NOTE
r-oldrel-osx-x86_64 1.0-5 NOTE

Check Details

Version: 1.0-5
Check: installed package size
Result: NOTE
     installed size is 8.7Mb
     sub-directories of 1Mb or more:
     R 3.4Mb
     doc 1.2Mb
     help 2.7Mb
Flavors: r-devel-linux-x86_64-fedora-clang, r-devel-linux-x86_64-fedora-gcc, r-devel-windows-ix86+x86_64, r-patched-solaris-x86, r-release-windows-ix86+x86_64, r-release-osx-x86_64, r-oldrel-windows-ix86+x86_64, r-oldrel-osx-x86_64