CRAN Package Check Results for Package knitr

Last updated on 2019-07-21 08:47:44 CEST.

Flavor Version Tinstall Tcheck Ttotal Status Flags
r-devel-linux-x86_64-debian-clang 1.23 8.09 81.20 89.29 NOTE
r-devel-linux-x86_64-debian-gcc 1.23 8.22 65.80 74.02 NOTE
r-devel-linux-x86_64-fedora-clang 1.23 110.51 NOTE
r-devel-linux-x86_64-fedora-gcc 1.23 112.16 NOTE
r-devel-windows-ix86+x86_64 1.23 17.00 150.00 167.00 OK
r-patched-linux-x86_64 1.23 10.23 82.53 92.76 OK
r-patched-solaris-x86 1.23 137.70 NOTE
r-release-linux-x86_64 1.23 11.24 81.57 92.81 OK
r-release-windows-ix86+x86_64 1.23 18.00 105.00 123.00 OK
r-release-osx-x86_64 1.23 OK
r-oldrel-windows-ix86+x86_64 1.23 65.00 130.00 195.00 OK
r-oldrel-osx-x86_64 1.23 OK

Check Details

Version: 1.23
Check: for non-standard things in the check directory
Result: NOTE
    Found the following files/directories:
     'R-GUI-pkgs.bib' 'Sweave-test-knitr.Rnw' 'Sweave-test-knitr.tex'
     'docco-classic.html' 'docco-classic.md' 'figure' 'knit_expand.html'
     'knit_expand.md' 'knitr-minimal.R' 'knitr-minimal.tex' 'logo.html'
     'stitch-test.html' 'stitch-test.md' 'test.Rmd' 'test.html' 'test.md'
Flavors: r-devel-linux-x86_64-debian-clang, r-devel-linux-x86_64-debian-gcc, r-devel-linux-x86_64-fedora-clang, r-devel-linux-x86_64-fedora-gcc

Version: 1.23
Check: package dependencies
Result: NOTE
    Package suggested but not available for checking: ‘gifski’
Flavor: r-patched-solaris-x86