CRAN Package Check Results for Package knitr

Last updated on 2019-04-23 00:46:38 CEST.

Flavor Version Tinstall Tcheck Ttotal Status Flags
r-devel-linux-x86_64-debian-clang 1.22 10.88 84.05 94.93 OK
r-devel-linux-x86_64-debian-gcc 1.22 8.24 66.67 74.91 OK
r-devel-linux-x86_64-fedora-clang 1.22 111.63 OK
r-devel-linux-x86_64-fedora-gcc 1.22 111.24 OK
r-devel-windows-ix86+x86_64 1.22 21.00 121.00 142.00 OK
r-patched-linux-x86_64 1.22 11.29 84.63 95.92 OK
r-patched-solaris-x86 1.22 147.30 NOTE
r-release-linux-x86_64 1.22 7.66 77.19 84.85 OK
r-release-windows-ix86+x86_64 1.22 43.00 109.00 152.00 OK
r-release-osx-x86_64 1.22 OK
r-oldrel-windows-ix86+x86_64 1.22 36.00 157.00 193.00 OK
r-oldrel-osx-x86_64 1.22 OK

Check Details

Version: 1.22
Check: package dependencies
Result: NOTE
    Package suggested but not available for checking: ‘gifski’
Flavor: r-patched-solaris-x86