CRAN Package Check Results for Package lme4

Last updated on 2018-05-27 00:46:40 CEST.

Flavor Version Tinstall Tcheck Ttotal Status Flags
r-devel-linux-x86_64-debian-clang 1.1-17 93.09 801.82 894.91 OK
r-devel-linux-x86_64-debian-gcc 1.1-17 74.83 599.10 673.93 OK
r-devel-linux-x86_64-fedora-clang 1.1-17 1128.21 NOTE
r-devel-linux-x86_64-fedora-gcc 1.1-17 1091.88 NOTE
r-devel-windows-ix86+x86_64 1.1-17 154.00 1299.00 1453.00 NOTE
r-patched-linux-x86_64 1.1-17 93.87 712.48 806.35 OK
r-patched-solaris-x86 1.1-17 1280.60 NOTE
r-release-linux-x86_64 1.1-17 90.76 732.39 823.15 OK
r-release-windows-ix86+x86_64 1.1-17 221.00 1611.00 1832.00 NOTE
r-release-osx-x86_64 1.1-17 NOTE
r-oldrel-windows-ix86+x86_64 1.1-17 208.00 1398.00 1606.00 FAIL
r-oldrel-osx-x86_64 1.1-17 NOTE

Check Details

Version: 1.1-17
Check: installed package size
Result: NOTE
     installed size is 28.3Mb
     sub-directories of 1Mb or more:
     R 1.3Mb
     doc 2.4Mb
     libs 21.9Mb
     testdata 1.6Mb
Flavors: r-devel-linux-x86_64-fedora-clang, r-devel-linux-x86_64-fedora-gcc, r-devel-windows-ix86+x86_64, r-patched-solaris-x86, r-release-windows-ix86+x86_64, r-release-osx-x86_64, r-oldrel-windows-ix86+x86_64, r-oldrel-osx-x86_64

Version: 1.1-17
Check: running tests for arch ‘x64’
Result: FAIL
    Check process probably crashed or hung up for 20 minutes ... killed
    Most likely this happened in the example checks (?),
    if not, ignore the following last lines of example output:
    
    ======== End of example output (where/before crash/hang up occured ?) ========
Flavor: r-oldrel-windows-ix86+x86_64