CRAN Package Check Results for Package longpower

Last updated on 2018-05-27 00:46:41 CEST.

Flavor Version Tinstall Tcheck Ttotal Status Flags
r-devel-linux-x86_64-debian-clang 1.0-16 6.40 85.15 91.55 ERROR
r-devel-linux-x86_64-debian-gcc 1.0-16 4.74 66.86 71.60 ERROR
r-devel-linux-x86_64-fedora-clang 1.0-16 119.96 OK
r-devel-linux-x86_64-fedora-gcc 1.0-16 111.18 OK
r-devel-windows-ix86+x86_64 1.0-16 10.00 91.00 101.00 OK
r-patched-linux-x86_64 1.0-16 4.23 70.26 74.49 ERROR
r-patched-solaris-x86 1.0-16 143.10 OK
r-release-linux-x86_64 1.0-16 5.41 70.44 75.85 ERROR
r-release-windows-ix86+x86_64 1.0-16 12.00 118.00 130.00 OK
r-release-osx-x86_64 1.0-16 OK
r-oldrel-windows-ix86+x86_64 1.0-16 12.00 82.00 94.00 OK
r-oldrel-osx-x86_64 1.0-16 OK

Check Details

Version: 1.0-16
Check: examples
Result: ERROR
    Running examples in ‘longpower-Ex.R’ failed
    The error most likely occurred in:
    
    > base::assign(".ptime", proc.time(), pos = "CheckExEnv")
    > ### Name: lmmpower
    > ### Title: Sample size calculations for linear mixed models of rate of
    > ### change based on lmer, lme, or gee "placebo" pilot estimates.
    > ### Aliases: lmmpower lmmpower,ANY-method lmmpower,merMod-method
    > ### lmmpower-methods lmmpower.default lmmpower.gee lmmpower.lme
    > ### lmmpower.numeric
    > ### Keywords: effects marginal methods mixed model power random sample size
    >
    > ### ** Examples
    >
    >
    > ## Not run:
    > ##D browseVignettes(package = "longpower")
    > ## End(Not run)
    >
    > lmmpower(delta=1.5, t = seq(0,1.5,0.25),
    + sig2.i = 55, sig2.s = 24, sig2.e = 10, cov.s.i=0.8*sqrt(55)*sqrt(24), power = 0.80)
    Error in UseMethod("lmmpower") :
     no applicable method for 'lmmpower' applied to an object of class "c('double', 'numeric')"
    Calls: lmmpower -> lmmpower
    Execution halted
Flavors: r-devel-linux-x86_64-debian-clang, r-devel-linux-x86_64-debian-gcc, r-patched-linux-x86_64, r-release-linux-x86_64