CRAN Package Check Results for Package rstap

Last updated on 2019-05-21 08:49:03 CEST.

Flavor Version Tinstall Tcheck Ttotal Status Flags
r-devel-linux-x86_64-debian-clang 1.0.3 557.15 206.32 763.47 NOTE
r-devel-linux-x86_64-debian-gcc 1.0.3 563.31 182.83 746.14 NOTE
r-devel-linux-x86_64-fedora-clang 1.0.3 1193.24 NOTE
r-devel-linux-x86_64-fedora-gcc 1.0.3 1187.99 NOTE
r-devel-windows-ix86+x86_64 1.0.3 1093.00 551.00 1644.00 NOTE
r-patched-linux-x86_64 1.0.3 621.07 253.96 875.03 NOTE
r-patched-solaris-x86 1.0.3 1000.10 NOTE
r-release-linux-x86_64 1.0.3 625.67 244.08 869.75 NOTE
r-release-windows-ix86+x86_64 1.0.3 1152.00 477.00 1629.00 NOTE
r-release-osx-x86_64 1.0.3 FAIL
r-oldrel-windows-ix86+x86_64 1.0.3 822.00 353.00 1175.00 NOTE
r-oldrel-osx-x86_64 1.0.3 NOTE

Check Details

Version: 1.0.3
Check: for GNU extensions in Makefiles
Result: NOTE
    GNU make is a SystemRequirements.
Flavors: r-devel-linux-x86_64-debian-clang, r-devel-linux-x86_64-debian-gcc, r-devel-linux-x86_64-fedora-clang, r-devel-linux-x86_64-fedora-gcc, r-devel-windows-ix86+x86_64, r-patched-linux-x86_64, r-patched-solaris-x86, r-release-linux-x86_64, r-release-windows-ix86+x86_64, r-oldrel-windows-ix86+x86_64, r-oldrel-osx-x86_64

Version: 1.0.3
Check: installed package size
Result: NOTE
     installed size is 80.9Mb
     sub-directories of 1Mb or more:
     libs 79.7Mb
Flavors: r-devel-linux-x86_64-fedora-clang, r-devel-windows-ix86+x86_64, r-patched-solaris-x86, r-release-windows-ix86+x86_64, r-release-osx-x86_64, r-oldrel-windows-ix86+x86_64, r-oldrel-osx-x86_64

Version: 1.0.3
Check: dependencies in R code
Result: NOTE
    Namespace in Imports field not imported from: ‘loo’
     All declared Imports should be used.
Flavors: r-devel-linux-x86_64-fedora-clang, r-devel-linux-x86_64-fedora-gcc, r-patched-solaris-x86, r-release-osx-x86_64, r-oldrel-osx-x86_64

Version: 1.0.3
Check: Rd \usage sections
Result: FAIL
    
Flavor: r-release-osx-x86_64