CRAN Package Check Results for Package rstap

Last updated on 2019-07-21 08:47:51 CEST.

Flavor Version Tinstall Tcheck Ttotal Status Flags
r-devel-linux-x86_64-debian-clang 1.0.3 563.36 203.47 766.83 NOTE
r-devel-linux-x86_64-debian-gcc 1.0.3 569.25 169.66 738.91 NOTE
r-devel-linux-x86_64-fedora-clang 1.0.3 1015.77 NOTE
r-devel-linux-x86_64-fedora-gcc 1.0.3 1308.63 NOTE
r-devel-windows-ix86+x86_64 1.0.3 192.00 7.00 199.00 ERROR
r-patched-linux-x86_64 1.0.3 622.97 209.91 832.88 NOTE
r-patched-solaris-x86 1.0.3 1013.10 NOTE
r-release-linux-x86_64 1.0.3 612.43 213.38 825.81 NOTE
r-release-windows-ix86+x86_64 1.0.3 187.00 5.00 192.00 ERROR
r-release-osx-x86_64 1.0.3 FAIL
r-oldrel-windows-ix86+x86_64 1.0.3 253.00 7.00 260.00 ERROR
r-oldrel-osx-x86_64 1.0.3 NOTE

Check Details

Version: 1.0.3
Check: for GNU extensions in Makefiles
Result: NOTE
    GNU make is a SystemRequirements.
Flavors: r-devel-linux-x86_64-debian-clang, r-devel-linux-x86_64-debian-gcc, r-devel-linux-x86_64-fedora-clang, r-devel-linux-x86_64-fedora-gcc, r-patched-linux-x86_64, r-patched-solaris-x86, r-release-linux-x86_64, r-oldrel-osx-x86_64

Version: 1.0.3
Check: installed package size
Result: NOTE
     installed size is 84.5Mb
     sub-directories of 1Mb or more:
     libs 83.2Mb
Flavors: r-devel-linux-x86_64-fedora-clang, r-patched-solaris-x86, r-release-osx-x86_64, r-oldrel-osx-x86_64

Version: 1.0.3
Check: dependencies in R code
Result: NOTE
    Namespace in Imports field not imported from: ‘loo’
     All declared Imports should be used.
Flavors: r-devel-linux-x86_64-fedora-clang, r-devel-linux-x86_64-fedora-gcc, r-patched-solaris-x86, r-release-osx-x86_64, r-oldrel-osx-x86_64

Version: 1.0.3
Check: whether package can be installed
Result: ERROR
    Installation failed.
Flavors: r-devel-windows-ix86+x86_64, r-release-windows-ix86+x86_64, r-oldrel-windows-ix86+x86_64

Version: 1.0.3
Check: Rd \usage sections
Result: FAIL
    
Flavor: r-release-osx-x86_64