CRAN Package Check Results for Package survival

Last updated on 2018-05-27 00:46:59 CEST.

Flavor Version Tinstall Tcheck Ttotal Status Flags
r-devel-linux-x86_64-debian-clang 2.42-3.1 40.89 435.60 476.49 OK
r-devel-linux-x86_64-debian-gcc 2.42-3.1 33.36 344.41 377.77 OK
r-devel-linux-x86_64-fedora-clang 2.42-3.1 578.79 NOTE
r-devel-linux-x86_64-fedora-gcc 2.42-3.1 563.60 NOTE
r-devel-windows-ix86+x86_64 2.42-3.1 91.00 910.00 1001.00 NOTE
r-patched-linux-x86_64 2.42-3 35.13 383.77 418.90 OK
r-patched-solaris-x86 2.42-3 NOTE
r-release-linux-x86_64 2.42-3 44.78 379.24 424.02 OK
r-release-windows-ix86+x86_64 2.41-3 110.00 547.00 657.00 NOTE
r-release-osx-x86_64 2.42-3 NOTE
r-oldrel-windows-ix86+x86_64 2.42-3 112.00 568.00 680.00 NOTE
r-oldrel-osx-x86_64 2.42-3 NOTE

Check Details

Version: 2.42-3.1
Check: installed package size
Result: NOTE
     installed size is 5.4Mb
     sub-directories of 1Mb or more:
     doc 2.8Mb
Flavors: r-devel-linux-x86_64-fedora-clang, r-devel-linux-x86_64-fedora-gcc, r-devel-windows-ix86+x86_64

Version: 2.42-3
Check: installed package size
Result: NOTE
     installed size is 6.0Mb
     sub-directories of 1Mb or more:
     R 1.4Mb
     doc 3.4Mb
Flavors: r-patched-solaris-x86, r-release-osx-x86_64, r-oldrel-windows-ix86+x86_64, r-oldrel-osx-x86_64

Version: 2.41-3
Check: installed package size
Result: NOTE
     installed size is 6.6Mb
     sub-directories of 1Mb or more:
     data 1.4Mb
     doc 2.6Mb
     tests 1.0Mb
Flavor: r-release-windows-ix86+x86_64

Version: 2.41-3
Check: compiled code
Result: NOTE
    Note: information on .o files for i386 is not available
    Note: information on .o files for x64 is not available
    File 'd:/Rcompile/CRANpkg/lib/3.5/survival/libs/i386/survival.dll':
     Found 'abort', possibly from 'abort' (C), 'runtime' (Fortran)
    File 'd:/Rcompile/CRANpkg/lib/3.5/survival/libs/x64/survival.dll':
     Found 'abort', possibly from 'abort' (C), 'runtime' (Fortran)
    
    Compiled code should not call entry points which might terminate R nor
    write to stdout/stderr instead of to the console, nor use Fortran I/O
    nor system RNGs. The detected symbols are linked into the code but
    might come from libraries and not actually be called.
    
    See 'Writing portable packages' in the 'Writing R Extensions' manual.
Flavor: r-release-windows-ix86+x86_64