CRAN Package Check Results for Package tgp

Last updated on 2018-05-27 00:47:00 CEST.

Flavor Version Tinstall Tcheck Ttotal Status Flags
r-devel-linux-x86_64-debian-clang 2.4-14 24.66 303.66 328.32 NOTE --no-vignettes
r-devel-linux-x86_64-debian-gcc 2.4-14 19.91 224.37 244.28 NOTE --no-vignettes
r-devel-linux-x86_64-fedora-clang 2.4-14 404.08 NOTE --no-vignettes
r-devel-linux-x86_64-fedora-gcc 2.4-14 387.76 NOTE --no-vignettes
r-devel-windows-ix86+x86_64 2.4-14 58.00 85.00 143.00 OK --no-examples --no-tests --no-vignettes
r-patched-linux-x86_64 2.4-14 24.10 299.10 323.20 NOTE --no-vignettes
r-patched-solaris-x86 2.4-14 410.50 OK --no-vignettes
r-release-linux-x86_64 2.4-14 24.68 298.57 323.25 NOTE --no-vignettes
r-release-windows-ix86+x86_64 2.4-14 75.00 65.00 140.00 OK --no-examples --no-tests --no-vignettes
r-release-osx-x86_64 2.4-14 OK --no-vignettes
r-oldrel-windows-ix86+x86_64 2.4-14 73.00 68.00 141.00 OK --no-examples --no-tests --no-vignettes
r-oldrel-osx-x86_64 2.4-14 OK --no-vignettes

Check Details

Version: 2.4-14
Flags: --no-vignettes
Check: compiled code
Result: NOTE
    File ‘tgp/libs/tgp.so’:
     Found no calls to: ‘R_registerRoutines’, ‘R_useDynamicSymbols’
    
    It is good practice to register native routines and to disable symbol
    search.
    
    See ‘Writing portable packages’ in the ‘Writing R Extensions’ manual.
Flavors: r-devel-linux-x86_64-debian-clang, r-devel-linux-x86_64-debian-gcc, r-devel-linux-x86_64-fedora-clang, r-devel-linux-x86_64-fedora-gcc, r-patched-linux-x86_64, r-release-linux-x86_64